w) = -10*w**3 - w**2 + w - 1. Calculate x(u).
-11
Suppose 84*g = 82*g + 12. Let k(o) = o**3 - 7*o**2 + 6*o + 7. Calculate k(g).
7
Suppose 0 = -0*s + s + 6. Let l be ((-20)/(-6))/((-4)/s). Suppose -l*d = -2 - 18, -3*j = -5*d + 32. Let x(b) = b**3 + 5*b**2 + 5*b + 1. Give x(j).
-3
Suppose i - 1 - 2 = 0. Let m(s) be the third derivative of -s**6/120 + s**5/60 + s**4/8 - 2*s**2. Calculate m(i).
-9
Let d(q) = -6*q**2 + 4*q + 2. Let h(k) = k**2. Let m be -10 - 2/3*-3. Let w(s) = m*h(s) - d(s). Give w(-2).
-2
Let y(k) = -3*k - k + 3*k + 52 + 7*k**2 - 53. Calculate y(-1).
7
Let d(r) = r**2 - 2. Let b(n) = -2. Let m(c) = -b(c) - d(c). Suppose 0 = -2*q + 7*q. Calculate m(q).
4
Let h(v) = 3*v + 6 - 1 - 7. Give h(3).
7
Let f be 2/(-8)*(-6 + 2). Let i(c) = -2*c + 3*c + f - 2. Calculate i(2).
1
Let d(s) = -s**3 - 4*s**2 + s - 1. Suppose 3*y - 2*y = 16. Suppose -4 - y = 5*l. What is d(l)?
-5
Let y(l) = -l**2 - 2*l + 3. Let z = -100 + 97. Determine y(z).
0
Let u(q) be the first derivative of -q**4/4 - 2*q**3 - 3*q**2/2 + 4*q - 4. Suppose 3*r = 2*r + 2. Let m = r - 7. Give u(m).
-6
Let y(q) = -2*q**3 + 4*q**2 - 3*q + 2. Suppose -32 = -4*f - 5*s, 0*s = -f - 5*s + 23. Let b be (6/(-8))/(f/(-8)). Calculate y(b).
-4
Let n(s) = 5 + s**3 - s + 2*s - 4 - 2*s**3. Calculate n(0).
1
Let m(x) = 3*x - 1. Let q(b) = -2*b - 2. Let h be q(-3). Let i(d) = 7*d - 2. Let t(p) = h*i(p) - 9*m(p). Suppose 3*u - 6 + 12 = 0. Give t(u).
-1
Suppose 8*g - 3*g + f = 13, -5*f = 10. Let z(h) = -h + 7. Calculate z(g).
4
Let w(o) = 56 - 29 - 31 + 3*o. Determine w(4).
8
Suppose -o = o + 12. Let z(y) be the third derivative of 7*y**4/24 - 9*y**2. Let p(g) = -13*g - 1. Let h(s) = o*p(s) - 11*z(s). Determine h(-5).
1
Let x(u) be the first derivative of -2*u**3/3 + 5*u + 29. Give x(-4).
-27
Let n(c) be the third derivative of -c**5/60 + c**4/24 + 2*c**3/3 + 2*c**2. Let w be 4 + 4/(12/(-21)). Give n(w).
-8
Let u(x) = -x**2 - 6*x - 5. Suppose -5*g - 11 = -t + 10, 4*t + 5*g + 41 = 0. Calculate u(t).
3
Let g(m) = -2*m. Let a be 0 + (2 - (-12)/(-3)). Give g(a).
4
Suppose 3*r + 6 + 11 = 4*b, 3*b = 5*r - 1. Suppose -b*i + 3*i = -20. Let n(s) = -s**2 + 0*s - 2*s - 2*s - i. Give n(-5).
-9
Let u(c) = -c**3 - 2*c**2 + 3*c + 2. Let n(x) = 3*x**3 - x**3 - 5*x - 4 + 0*x + 3*x**2. Let y(q) = -3*n(q) - 5*u(q). Give y(0).
2
Suppose -7*o - 4 = -9*o. Let b(f) = 2*f**3 - 3*f**2. What is b(o)?
4
Suppose 25 = 5*q - 10*q. Let z be 2/q + 65/(-25). Let m(g) = -5*g - 1. What is m(z)?
14
Let r(g) = -g**2 + 5*g + 6. Suppose 3*f - 3 = 0, -3*k + 10 = 2*f - 7*f. What is r(k)?
6
Let g(b) = -b**2 + 13. Let z be g(0). Let a(l) = 14*l + z - 9*l - 5*l + l**3. What is a(0)?
13
Let n(r) = 4*r + r**3 - 3*r**2 + 2*r + 2 - 8*r. Give n(3).
-4
Let j(g) be the second derivative of g**4/12 - g**3/2 - 3*g**2 - 30*g. Give j(5).
4
Let m = 5 - 1. Suppose 1 = d - m. Let k(q) = q**3 - 6*q**2 + 5*q + 3. Give k(d).
3
Let l(s) be the third derivative of s**4/24 - s**3/3 - 6*s**2. What is l(2)?
0
Let j(r) = -2*r**2 + 2*r - 1. Suppose -t - 5 = -5*c - 2, -5*c + 3*t = 1. Let u be 1 + c + 3/(-3). What is j(u)?
-1
Let t(o) be the third derivative of 0*o + o**2 + 7/24*o**4 - 1/60*o**5 - 7/6*o**3 + 0. Give t(6).
-1
Let f(c) = 17*c + 2. Let t(x) = 13*x**3 - x + 1. Let j be t(1). Let u(n) = -8*n - 1. Let v(g) = j*u(g) + 6*f(g). Calculate v(5).
-11
Let z(x) = 10. Let q(y) = y + 9. Let t(p) = 4*q(p) - 3*z(p). Give t(-7).
-22
Suppose 2*n = -0 + 4. Let x be ((-4)/(-6))/(n/(-6)). Let h(y) = 2 + y**3 + 0*y**2 + 2*y**2 - 2*y**2. Determine h(x).
-6
Let z(u) = u**2 - 4*u - 7. Let q be z(6). Suppose q*f + r = 17, -3*f - 5*r + 6 = -3*r. Let i(p) = f*p**3 - 8*p**2 - 6*p - 3*p**3 - 1 + 0 + 3*p**2. What is i(6)?
-1
Let v(f) = -2*f + 7. Let j(p) = -5*p + 86. Let z be j(16). Give v(z).
-5
Let n(s) = s**3 - s - 1. Let t be (3/(-9))/(2/(-12)). Suppose z + 3*l = -1, -l - 2*l + 1 = t*z. Suppose 0 = 5*j - z*j. Give n(j).
-1
Let d(o) be the third derivative of o**6/120 + o**5/15 + o**4/12 - o**3/3 - 2*o**2. Give d(-4).
-10
Let r(n) = -n - 7. Let i be r(0). Let y = 11 + i. Let w(z) be the first derivative of z**3/3 - 3*z**2/2 - 5*z - 1. Determine w(y).
-1
Let w(x) = 5 - 8 + 2*x + 6 - x. What is w(3)?
6
Let w(g) = -g**3 + 3*g**2 - 3*g + 3. Let v be 2/(-2) - (-2 - -2). Let x = v + 4. Calculate w(x).
-6
Let k(b) = b - 1. Let t(p) = -3*p + 9. Let g(v) = 2*k(v) + t(v). Let l be 8/10*(-25)/(-2). Suppose l*m = 5*m + 25. Determine g(m).
2
Let c(w) = -2*w - 2. Let o(t) = t - 1. Let v(g) = -c(g) + o(g). Suppose 0*p - 2*p - 4 = 0. Let s be -3 - (p - -1) - 1. Calculate v(s).
-8
Suppose 2*b + 4 = -4*t - 0, 2*t = b - 6. Let q(w) = w**3 - w**2 + w + 1. Let v(n) = -n**3 - 4*n - 3. Let f(j) = t*q(j) - v(j). Calculate f(2).
5
Let a(u) = u**2 - 6*u - 6. Let f(z) = z**2 - 1. Let b(y) = a(y) - 2*f(y). Suppose -30 = 5*x - 0*x. What is b(x)?
-4
Let b(h) = -5*h. Let y be (-4 + 3)*1*1. Determine b(y).
5
Suppose 2*l - 3 = 2*o + l, 0 = 2*o - 2*l + 2. Let g(r) be the second derivative of 7*r**3/6 + 3*r**2/2 + r. Give g(o).
-11
Let o(n) = 22*n - 5. Let z = 3 + -1. Let u(v) = 7*v - 2. Let h(p) = -6*p + 2. Let i(b) = 4*h(b) + 5*u(b). Let a(r) = z*o(r) - 5*i(r). Determine a(-1).
11
Let p(z) = 0*z - 4*z - 1 - 1. Let w = -47 + 49. Calculate p(w).
-10
Suppose 3*d = -10 - 2. Let y(h) = -2*h. What is y(d)?
8
Let z(n) = n**2 - 2. Suppose 3 = -5*u - 5*f - 37, 0 = -2*f - 8. Let l be (-5 - u) + 1*10. Suppose -m + 3*o - 5 = 0, m = 5*m - o + l. What is z(m)?
2
Suppose 5*q - q - 16 = 0. Suppose -a = -5*a + q. Let v be 1 + a/(2/6). Let u(l) = -l - 4. Determine u(v).
-8
Let a(s) = -s**3 - 4*s**2 + 4*s. Let x be a(-5). Let u(o) = -34*o - 38*o + 106*o - 1 - 33*o. What is u(x)?
4
Let j(m) = 8*m + 11. Let k(r) = 2*r + 3. Let i(u) = -2*j(u) + 9*k(u). Suppose 2*x - 12 = -20. Calculate i(x).
-3
Let f(r) = -r + 1. Let v(x) = -8*x + 2. Let c(d) = d. Let a(p) = -6*c(p) - v(p). Let i(u) = -a(u) - 3*f(u). Calculate i(0).
-1
Let l(u) = -13*u**2 - 14*u + 5. Let p(x) = -3*x**2 - 3*x + 1. Let y(o) = 2*l(o) - 9*p(o). Give y(2).
3
Suppose -o - 1 + 4 = 0. Let x(t) = -6*t - t**2 + o - 3. Calculate x(-5).
5
Suppose -2*c = 3*s - 18, 2*c - 5*s = -0*s - 14. Let d be ((-8)/(-6))/(c/(-9)). Let p(f) = f**2 + 5 + 10*f - 4 - 4*f. Calculate p(d).
-7
Suppose 5*d - 14 = -0*h + 2*h, 19 = d + 5*h. Let b(u) = -3*u - 4 + 4. What is b(d)?
-12
Let b(k) = -k**2 + 8*k - 6. Let w be 3/(-12) + 9/4. Let m be 342/66 - w/11. Determine b(m).
9
Let d be (-7)/2 - 1/(-2). Let z(h) be the second derivative of 4*h + 0 + 1/2*h**2 + 1/3*h**3. Calculate z(d).
-5
Let t(i) = -i + 1. Suppose 6*o = o - 20. Give t(o).
5
Let n(p) = -5*p - 3. Let z(x) = x + 1. Let j(l) = n(l) + 4*z(l). Give j(-3).
4
Let a(b) = b**3 + 6*b**2 - 8. Suppose 0 = -3*j + w - 20, -4 = 2*j + 3*w + 2. Determine a(j).
-8
Let p(q) = q**2 + 10*q + 11. Let k be p(-9). Let b(u) be the third derivative of -1/60*u**5 + 0 + 1/2*u**3 + 1/12*u**4 - k*u**2 + 0*u. What is b(4)?
-5
Let i = -2 + 2. Let m(p) = 0*p + p - p**2 + 0*p + i*p**2 + 1. Give m(-2).
-5
Suppose -y + 4 + 2 = 0. Let p(o) = -o**3 + o**2 + o. Let j(a) = -a**3 - 4*a**2 + 3. Let x(s) = j(s) - 2*p(s). Give x(y).
-9
Let m(n) = n + 4. Let r(k) = -k**2 - k. Let g(j) = -m(j) + r(j). Determine g(-3).
-7
Let l(s) = -s**2 - 2. Let m(d) = 4*d**2 + d + 9. Let o(v) = 9*l(v) + 2*m(v). Give o(3).
-3
Let s be 0 + 20/(-12) - 20/15. Let b = -1 - -1. Let v(p) = 2 + b - 2*p**2 + p**2. Give v(s).
-7
Let p(m) = m**3 + m**2 - 4*m - 2. Let k be p(-3). Let l be (k/(-2))/(4/(-2)). Let j(z) = z**3 + 4*z**2 + 4*z + 3. What is j(l)?
3
Let f be 5/1*(1 - 40/25). Let x(k) = 3*k**2 + 3*k - 4. What is x(f)?
14
Let r(o) be the second derivative of o**7/2520 + o**6/180 - o**5/40 - o**4/6 + 4*o. Let g(f) be the third derivative of r(f). What is g(-6)?
9
Suppose -3 = -3*x + 3. Suppose -x*r = 0, 0 = -5*l - 5*r + r. Suppose 2*j + 2*j - 4 = l. Let c(z) = -2*z**3 + 2*z**2 - 1. What is c(j)?
-1
Let u = 5 - 4. Let d(f) = f**2 - f**2 - 7*f**3 - u + 2*f**2. Suppose -1 = 5*x - 2*t, -1 = 2*x + x - t. Give d(x).
8
Let v(u) be the second derivative of -u**4/12 - 3*u**3/2 - u**2/2 + 6*u - 3. What is v(-9)?
-1
Suppose 0 = -3*x - k + 4 - 2, -x + k = 2. Let w(p) = -p**2 - p + 13. Determine w(x).
13
Suppose -2*p - 2*p + 5 = -3*z, 0 = -4*z + 2*p. Let u(q) = -q**2 - 6*q - 6. Let r be u(-4). Let g(f) = -f + f**